 - (-8)/44. Let i be u(q). Is -1*i*1/(-1) a prime number?
True
Suppose -2 = 5*z + t - 7, -5*z - 2*t + 10 = 0. Suppose -4*a = -z*a + 76. Let h = a - -28. Is h a prime number?
False
Let l = 9 + -1. Let d(f) = -f**2 + 10*f + 8. Let t be d(l). Let z = t - 5. Is z a composite number?
False
Suppose -4*l = 147 - 1163. Is l a prime number?
False
Let x(q) = 2*q**2 + 2. Suppose 5*u = -4*d - 28 - 2, 2*u = 3*d + 11. Is x(u) prime?
False
Let u(k) = -158*k - 1. Let v(i) = -i**2 + 7*i - 7. Let o be v(6). Is u(o) composite?
False
Let m = -190 - -349. Is m a prime number?
False
Let o(l) be the third derivative of l**5/60 - 5*l**4/24 - l**3/3 + 3*l**2. Let j be o(4). Is (47/2)/((-3)/j) composite?
False
Suppose 4*g + 1 = 3*g. Let n = g - -4. Suppose -n = -3*x, v - 85 = -0*v + 4*x. Is v composite?
False
Suppose 0 = 3*x + x - 3*w - 5653, -w + 5641 = 4*x. Is x a prime number?
False
Let g be (0 - 6)*(-44)/3. Suppose 3*c - g = 119. Is c composite?
True
Let a(w) = -69*w - 4. Suppose 0*g + 7 = -4*s + g, s + 28 = -5*g. Let q be a(s). Suppose -5*m - 4*t = -q, m - 19 = -2*t + 24. Is m composite?
True
Suppose 2*a = -2*a + 80. Suppose 0*n - n = -3*z + 109, 0 = -5*n - a. Is z a composite number?
True
Let t(x) = x**2 + 3*x + 1. Let c be t(-4). Suppose c*z - 263 = u, 0 = 4*z - 3*u + 2*u - 210. Is z composite?
False
Let j be (-4)/(-10) - 6/15. Suppose -4*v = 2*y - 592, j*v + 2*y = v - 153. Is v a composite number?
False
Let w = 365 - 98. Is w prime?
False
Suppose -2*r - 720 = 2*r. Let z = 4 - r. Suppose t = z + 27. Is t a composite number?
False
Suppose 4*n + 3*h = -9, 0*h = -4*n - 2*h - 6. Let p(y) = y + 51. Is p(n) prime?
False
Suppose 0*z + 4*n - 13 = z, -4*n + 10 = -2*z. Let y(i) = -1 - 3 + z*i**2 + 0*i**2 + 0 + 7*i. Is y(5) a composite number?
True
Suppose -6*i + 5*i = -419. Is i composite?
False
Let k(z) = -z**2 - 11*z - 4. Let u be 14/2 + 2/(-1). Suppose -u*q - 4*v - 65 = 0, q + q = 4*v + 2. Is k(q) a composite number?
True
Let t = 10 - 7. Suppose 153 = t*i - 4*b + 28, -5*i + b + 231 = 0. Is i a composite number?
False
Suppose -2*f + 243 = o, -4*f + 536 + 201 = 3*o. Is o composite?
False
Let d = 0 - -2. Suppose -y = -d - 1. Suppose y*z - 18 = 27. Is z prime?
False
Let w(o) = -11*o**2 + 17*o - 5. Let n(s) = 16*s**2 - 26*s + 7. Let m(u) = -5*n(u) - 8*w(u). Is m(4) a composite number?
False
Suppose 999 = 5*c - s, -c + s = 3*c - 800. Is c composite?
False
Is 4388/10 + (-16)/(-80) prime?
True
Let v(i) = 2*i**2 + i + 7. Suppose 38 = -4*t - 2*w, w - 4*w = 5*t + 49. Is v(t) composite?
False
Let t = 344 - -52. Suppose -4*f + t = 128. Is f composite?
False
Let j(s) = -110*s**3 + 4*s**2 - 8*s + 9. Let q be j(6). Is q/(-60) + (-6)/(-8) a composite number?
True
Let n(k) = -2*k. Let p be n(-1). Suppose -3*f + 3960 = 4*a, -p*a - 2*f = -3*f - 1990. Is a a prime number?
False
Suppose 4*a = 7*a - o - 15, o = 4*a - 19. Suppose 27 = 5*z - a*p - 3, -20 = 4*p. Suppose -z*j = -7*j + 955. Is j a composite number?
False
Let a = -54 - 41. Suppose 2*l = 46 + 298. Let k = l + a. Is k a composite number?
True
Suppose 4*x = -4*y + 2*y - 6, -3 = -2*x + y. Suppose x = -n - 16 + 46. Suppose -2*w + n = -0*w. Is w a composite number?
True
Let k(t) = -t**3 + 14*t**2 - 14*t - 9. Is k(10) prime?
True
Suppose -k + 0*k = -117. Suppose -k = -0*y - 3*y. Is y a prime number?
False
Suppose 3*j = -5 - 1. Let t = j + 2. Suppose -d = 6*c - 4*c - 87, 5*c + 5 = t. Is d a prime number?
True
Let c = -18 - -20. Suppose -2*k = 10, 0 = -3*d - k - c*k + 132. Is d composite?
True
Let l = 1 - -5. Suppose 8 = l*x - 2*x. Suppose -x*t - t = -111. Is t a prime number?
True
Let h = -12502 + 29421. Is h composite?
True
Is (-2798)/(-6) + (-4 - 55/(-15)) a prime number?
False
Suppose 0*l + 5*w + 120 = 5*l, 5*l = 3*w + 124. Is l a composite number?
True
Let s(p) = p**2 + 4*p - 5*p**2 - 3 - 2*p**3 + 4*p**3 + 0. Is s(4) a composite number?
True
Let g(y) = y**3 + 9*y**2 - 9*y - 10. Let j be g(-8). Let u = j - 41. Is u a composite number?
True
Suppose -5*w + 15 = 0, 5*w + 13230 = 4*x - x. Is x composite?
True
Suppose -5*t - 4*f = 11, -2*t - 2*t = 3*f + 8. Is (t + -2)/(2/(-74)) prime?
True
Let y(u) = 3*u - 3 - 14 + u**2 + 6*u. Is y(-14) a prime number?
True
Suppose -4*p = -9872 + 2516. Is p prime?
False
Let k = -3 - -3. Let f(l) = l - 44. Let u be f(k). Is (-3)/(-9) + u/(-3) a composite number?
True
Suppose -6*y + 12 = -4*y. Is 135/1 - (y + -2) a prime number?
True
Suppose -q = 4*b + 26, -2*b - 4 = 2*q + 12. Let l(i) = -61*i + 7. Is l(b) prime?
True
Suppose -3*y + 169 = -20. Is 3924/y - 2/7 a composite number?
True
Suppose -220 = -2*l + 52. Let g = 21 + l. Is g a composite number?
False
Let m = 73 + -24. Is m prime?
False
Suppose -248 = -d - 63. Is d composite?
True
Let h = -9 - -9. Let s = h + 4. Is 171/s + (-6)/(-24) a composite number?
False
Suppose -z + 0*p - 3*p - 135 = 0, -5*z = -2*p + 726. Let s = z - -451. Is s composite?
False
Let y be (1 + -2)*(2 + -55). Let r(i) = -2*i - 6. Let h be r(-4). Suppose t = 2*t + 3*z - 21, h*z - y = -5*t. Is t prime?
False
Let w be (-27 - -1)/((-2)/(-4)). Let v = w - 16. Let f = -29 - v. Is f a prime number?
False
Suppose -3*w + 4*w = 3. Suppose 4*g + 4*c - 220 = 0, w*c + c = -12. Is g prime?
False
Suppose -2*t + 12 = 4. Let f(v) = v**3 - 4*v**2 + 5*v - 1. Is f(t) composite?
False
Suppose 6*c - 750 = 456. Is c composite?
True
Let y = 182 + -41. Is y a prime number?
False
Let h(q) be the second derivative of 74*q**3/3 + q**2/2 + q. Is h(1) composite?
False
Suppose -4*v - 2*g + 3*g + 1049 = 0, -5*g = -2*v + 547. Let w = v + -122. Is w composite?
False
Let w(s) = s**3 + 13*s**2 + 18*s - 1. Let k be w(-5). Suppose 3*h + 0*h + 174 = 0. Let j = k + h. Is j a prime number?
False
Let w = 210 - 99. Suppose 3*u - w = -0*u. Is u prime?
True
Is 2 - 1 - -13*114 a prime number?
True
Let i be (-32)/(-6) - (-3)/(-9). Suppose -165 = -i*v + c, 2*c = -2*v - 0*c + 66. Is v a composite number?
True
Suppose -4*j - u = u - 850, -220 = -j - 3*u. Is j composite?
False
Let u be (0 - 0)/(-2)*1. Suppose b + u*b - 4 = 0. Suppose -5*r = v - 73, 3*v + b*r = 2*v + 75. Is v prime?
True
Let b = 4 + -4. Suppose -4*l = -b*l. Let w(s) = s + 4. Is w(l) composite?
True
Is ((-1)/2)/((-8)/5456) a prime number?
False
Suppose 2*k = 2, 3*u - k = 1138 - 128. Is u a prime number?
True
Let l(s) = s**3 - s**2 + s. Let v(t) = -7*t**3 + 11*t**2 - t - 6. Let w(k) = 6*l(k) + v(k). Let z be w(5). Let m = z - 6. Is m composite?
False
Suppose -4*t + 45 = -t. Is t a prime number?
False
Suppose m = n, 4*m = -4*n + 39 - 7. Suppose 3*k + 2 = -n. Let h(x) = -39*x + 1. Is h(k) composite?
False
Suppose 5 = -3*j - 4. Let q be 1*j*(-1 - 0). Suppose -2*v + 230 = q*v. Is v prime?
False
Let w(p) = -8*p + 24 - 14 + p. Is w(-7) a composite number?
False
Suppose -b = -5*u - 5, 0 = -4*u - 5*b - 11 + 36. Let n be (18/8)/(1/4). Suppose 4*o - 5*j - 552 = u, 0 = 4*o - n*o + j + 669. Is o a prime number?
False
Suppose -4*d + 26 = -54. Let s = -6 + d. Suppose -3*u + 4*u - s = 0. Is u a composite number?
True
Let q(f) = 71*f - 16. Is q(13) a prime number?
True
Is 2528/3 + (-8)/(-24) composite?
True
Let r = 46 - 27. Is r a composite number?
False
Let l(t) = -t**3 + 2*t**2 + 2. Let y be l(2). Let q = y - -2. Suppose -5*m + q*z + 717 = -0*z, -3*m - 5*z = -445. Is m prime?
False
Let o(d) = -d**3 - 4*d**2 - d - 5. Let l be o(-4). Let h be (-1)/(l*2)*8. Is 20*(0 - (-3)/h) prime?
False
Is (-3)/((-9)/6540) - 1 composite?
False
Let a = -755 - -1078. Suppose 4*x - 3*b + a = 1218, 5*b = 4*x - 897. Is x a composite number?
False
Suppose -1266 = b - 7*b. Suppose 3*l + b = 2*a + 2*a, -4*a + 2*l + 214 = 0. Is a a composite number?
True
Let s be -2 - -3 - 21/(-7). Is s/(-10) + 4401/15 composite?
False
Let g(a) = -3*a - 1. Let s be g(-2). Suppose -s*d = -2*d - 3*q - 141, 0 = 5*d - 2*q - 220. Is (-12)/d - 774/(-14) a prime number?
False
Let s(t) = t**2 + t + 2. Let w be s(-2). Suppose -w*q = -d + 1 + 40, -5*d + 190 = -5*q. Is d a composite number?
False
Let g(h) = -11*h + 2. Let c(u) = -21*u + 5. Let t(b) = -6*c(b) + 11*g(b). Let p be t(7). Suppose 3*f = -5*v + 216, f - 5*v - p = 25. Is f a prime number?
True
Suppose 0 = -5*o + 133 + 52. Is o a composite number?
False
Suppose -y + 269 = -128. Is y prime?
True
Is -2 + (5/(-5) - -2)*57 prime?
False
Suppose 13 - 15 = -u. Suppose 75 = -u*r + 479